{"id":1160,"date":"2022-02-12T20:09:24","date_gmt":"2022-02-12T19:09:24","guid":{"rendered":"https:\/\/www.chatapodhviezdami.sk\/?page_id=1160"},"modified":"2022-02-13T20:53:13","modified_gmt":"2022-02-13T19:53:13","slug":"pumptrack","status":"publish","type":"page","link":"https:\/\/www.chatapodhviezdami.sk\/?page_id=1160","title":{"rendered":"PumpTrack"},"content":{"rendered":"\t\t<div data-elementor-type=\"wp-page\" data-elementor-id=\"1160\" class=\"elementor elementor-1160\" data-elementor-settings=\"[]\">\n\t\t\t\t\t\t\t<div class=\"elementor-section-wrap\">\n\t\t\t\t\t\t\t<section data-particle_enable=\"false\" data-particle-mobile-disabled=\"false\" class=\"elementor-section elementor-top-section elementor-element elementor-element-zaofvsa elementor-section-boxed elementor-section-height-default elementor-section-height-default\" data-id=\"zaofvsa\" data-element_type=\"section\">\n\t\t\t\t\t\t<div class=\"elementor-container elementor-column-gap-default\">\n\t\t\t\t\t<div class=\"elementor-column elementor-col-100 elementor-top-column elementor-element elementor-element-mopgrej\" data-id=\"mopgrej\" data-element_type=\"column\">\n\t\t\t<div class=\"elementor-widget-wrap elementor-element-populated\">\n\t\t\t\t\t\t\t\t<div class=\"elementor-element elementor-element-832ba3b elementor-aspect-ratio-169 elementor-widget elementor-widget-video\" data-id=\"832ba3b\" data-element_type=\"widget\" data-settings=\"{&quot;youtube_url&quot;:&quot;https:\\\/\\\/www.youtube.com\\\/watch?v=L5EPciP6EmM&quot;,&quot;autoplay&quot;:&quot;yes&quot;,&quot;video_type&quot;:&quot;youtube&quot;,&quot;controls&quot;:&quot;yes&quot;,&quot;aspect_ratio&quot;:&quot;169&quot;}\" data-widget_type=\"video.default\">\n\t\t\t\t<div class=\"elementor-widget-container\">\n\t\t\t<style>\/*! elementor - v3.5.5 - 03-02-2022 *\/\n.elementor-widget-video .elementor-widget-container{overflow:hidden;-webkit-transform:translateZ(0);transform:translateZ(0)}.elementor-widget-video .elementor-open-inline .elementor-custom-embed-image-overlay{position:absolute;top:0;left:0;width:100%;height:100%;-webkit-background-size:cover;background-size:cover;background-position:50%}.elementor-widget-video .elementor-custom-embed-image-overlay{cursor:pointer;text-align:center}.elementor-widget-video .elementor-custom-embed-image-overlay:hover .elementor-custom-embed-play i{opacity:1}.elementor-widget-video .elementor-custom-embed-image-overlay img{display:block;width:100%}.elementor-widget-video .e-hosted-video .elementor-video{-o-object-fit:cover;object-fit:cover}<\/style>\t\t<div class=\"elementor-wrapper elementor-fit-aspect-ratio elementor-open-inline\">\n\t\t\t<div class=\"elementor-video\"><\/div>\t\t<\/div>\n\t\t\t\t<\/div>\n\t\t\t\t<\/div>\n\t\t\t\t\t<\/div>\n\t\t<\/div>\n\t\t\t\t\t\t\t<\/div>\n\t\t<\/section>\n\t\t\t\t<section data-particle_enable=\"false\" data-particle-mobile-disabled=\"false\" class=\"elementor-section elementor-top-section elementor-element elementor-element-pbnleow elementor-section-boxed elementor-section-height-default elementor-section-height-default\" data-id=\"pbnleow\" data-element_type=\"section\">\n\t\t\t\t\t\t<div class=\"elementor-container elementor-column-gap-default\">\n\t\t\t\t\t<div class=\"elementor-column elementor-col-50 elementor-top-column elementor-element elementor-element-rhxdiqr\" data-id=\"rhxdiqr\" data-element_type=\"column\">\n\t\t\t<div class=\"elementor-widget-wrap elementor-element-populated\">\n\t\t\t\t\t\t\t\t<div class=\"elementor-element elementor-element-uacnepo elementor-widget elementor-widget-heading\" data-id=\"uacnepo\" data-element_type=\"widget\" data-widget_type=\"heading.default\">\n\t\t\t\t<div class=\"elementor-widget-container\">\n\t\t\t<style>\/*! elementor - v3.5.5 - 03-02-2022 *\/\n.elementor-heading-title{padding:0;margin:0;line-height:1}.elementor-widget-heading .elementor-heading-title[class*=elementor-size-]>a{color:inherit;font-size:inherit;line-height:inherit}.elementor-widget-heading .elementor-heading-title.elementor-size-small{font-size:15px}.elementor-widget-heading .elementor-heading-title.elementor-size-medium{font-size:19px}.elementor-widget-heading .elementor-heading-title.elementor-size-large{font-size:29px}.elementor-widget-heading .elementor-heading-title.elementor-size-xl{font-size:39px}.elementor-widget-heading .elementor-heading-title.elementor-size-xxl{font-size:59px}<\/style><h4 class=\"elementor-heading-title elementor-size-default\">Pre koho je dr\u00e1ha ur\u010den\u00e1?<\/h4>\t\t<\/div>\n\t\t\t\t<\/div>\n\t\t\t\t<div class=\"elementor-element elementor-element-lmyccvd elementor-widget-divider--view-line elementor-widget elementor-widget-divider\" data-id=\"lmyccvd\" data-element_type=\"widget\" data-widget_type=\"divider.default\">\n\t\t\t\t<div class=\"elementor-widget-container\">\n\t\t\t<style>\/*! elementor - v3.5.5 - 03-02-2022 *\/\n.elementor-widget-divider{--divider-border-style:none;--divider-border-width:1px;--divider-color:#2c2c2c;--divider-icon-size:20px;--divider-element-spacing:10px;--divider-pattern-height:24px;--divider-pattern-size:20px;--divider-pattern-url:none;--divider-pattern-repeat:repeat-x}.elementor-widget-divider .elementor-divider{display:-webkit-box;display:-ms-flexbox;display:flex}.elementor-widget-divider .elementor-divider__text{font-size:15px;line-height:1;max-width:95%}.elementor-widget-divider .elementor-divider__element{margin:0 var(--divider-element-spacing);-ms-flex-negative:0;flex-shrink:0}.elementor-widget-divider .elementor-icon{font-size:var(--divider-icon-size)}.elementor-widget-divider .elementor-divider-separator{display:-webkit-box;display:-ms-flexbox;display:flex;margin:0;direction:ltr}.elementor-widget-divider--view-line_icon .elementor-divider-separator,.elementor-widget-divider--view-line_text .elementor-divider-separator{-webkit-box-align:center;-ms-flex-align:center;align-items:center}.elementor-widget-divider--view-line_icon .elementor-divider-separator:after,.elementor-widget-divider--view-line_icon .elementor-divider-separator:before,.elementor-widget-divider--view-line_text .elementor-divider-separator:after,.elementor-widget-divider--view-line_text .elementor-divider-separator:before{display:block;content:\"\";border-bottom:0;-webkit-box-flex:1;-ms-flex-positive:1;flex-grow:1;border-top:var(--divider-border-width) var(--divider-border-style) var(--divider-color)}.elementor-widget-divider--element-align-left .elementor-divider .elementor-divider-separator>.elementor-divider__svg:first-of-type{-webkit-box-flex:0;-ms-flex-positive:0;flex-grow:0;-ms-flex-negative:100;flex-shrink:100}.elementor-widget-divider--element-align-left .elementor-divider-separator:before{content:none}.elementor-widget-divider--element-align-left .elementor-divider__element{margin-left:0}.elementor-widget-divider--element-align-right .elementor-divider .elementor-divider-separator>.elementor-divider__svg:last-of-type{-webkit-box-flex:0;-ms-flex-positive:0;flex-grow:0;-ms-flex-negative:100;flex-shrink:100}.elementor-widget-divider--element-align-right .elementor-divider-separator:after{content:none}.elementor-widget-divider--element-align-right .elementor-divider__element{margin-right:0}.elementor-widget-divider:not(.elementor-widget-divider--view-line_text):not(.elementor-widget-divider--view-line_icon) .elementor-divider-separator{border-top:var(--divider-border-width) var(--divider-border-style) var(--divider-color)}.elementor-widget-divider--separator-type-pattern{--divider-border-style:none}.elementor-widget-divider--separator-type-pattern.elementor-widget-divider--view-line .elementor-divider-separator,.elementor-widget-divider--separator-type-pattern:not(.elementor-widget-divider--view-line) .elementor-divider-separator:after,.elementor-widget-divider--separator-type-pattern:not(.elementor-widget-divider--view-line) .elementor-divider-separator:before,.elementor-widget-divider--separator-type-pattern:not([class*=elementor-widget-divider--view]) .elementor-divider-separator{width:100%;min-height:var(--divider-pattern-height);-webkit-mask-size:var(--divider-pattern-size) 100%;mask-size:var(--divider-pattern-size) 100%;-webkit-mask-repeat:var(--divider-pattern-repeat);mask-repeat:var(--divider-pattern-repeat);background-color:var(--divider-color);-webkit-mask-image:var(--divider-pattern-url);mask-image:var(--divider-pattern-url)}.elementor-widget-divider--no-spacing{--divider-pattern-size:auto}.elementor-widget-divider--bg-round{--divider-pattern-repeat:round}.rtl .elementor-widget-divider .elementor-divider__text{direction:rtl}<\/style>\t\t<div class=\"elementor-divider\">\n\t\t\t<span class=\"elementor-divider-separator\">\n\t\t\t\t\t\t<\/span>\n\t\t<\/div>\n\t\t\t\t<\/div>\n\t\t\t\t<\/div>\n\t\t\t\t<div class=\"elementor-element elementor-element-zmhmnqp elementor-widget elementor-widget-text-editor\" data-id=\"zmhmnqp\" data-element_type=\"widget\" data-widget_type=\"text-editor.default\">\n\t\t\t\t<div class=\"elementor-widget-container\">\n\t\t\t<style>\/*! elementor - v3.5.5 - 03-02-2022 *\/\n.elementor-widget-text-editor.elementor-drop-cap-view-stacked .elementor-drop-cap{background-color:#818a91;color:#fff}.elementor-widget-text-editor.elementor-drop-cap-view-framed .elementor-drop-cap{color:#818a91;border:3px solid;background-color:transparent}.elementor-widget-text-editor:not(.elementor-drop-cap-view-default) .elementor-drop-cap{margin-top:8px}.elementor-widget-text-editor:not(.elementor-drop-cap-view-default) .elementor-drop-cap-letter{width:1em;height:1em}.elementor-widget-text-editor .elementor-drop-cap{float:left;text-align:center;line-height:1;font-size:50px}.elementor-widget-text-editor .elementor-drop-cap-letter{display:inline-block}<\/style>\t\t\t\t<p>Ve\u013ekou v\u00fdhodou tohto \u0161portu je, \u017ee ho m\u00f4\u017ee vysk\u00fa\u0161a\u0165 ka\u017ed\u00fd. Pumptrackov\u00e1 dr\u00e1ha je skvel\u00e1 pre v\u00e4\u010d\u0161inu kolesov\u00fdch \u0161portov \u2013 bicykle, kolobe\u017eky, skejtboardy \u010di kolieskov\u00e9 kor\u010dule. Deti od 2,5 \u2013 3 rokov ju bezprobl\u00e9mov zvl\u00e1dnu na svojich odr\u00e1\u017eadl\u00e1ch. Netreba sa b\u00e1\u0165 ani o ich bezpe\u010dnos\u0165. Dr\u00e1ha je vytvoren\u00e1 na mieru tak, aby ju zvl\u00e1dol ka\u017ed\u00fd. Za\u010diato\u010dn\u00edci \u010di mierne pokro\u010dil\u00ed jazdci si m\u00f4\u017eu tr\u00e9nova\u0165 stabilitu a techniku. Poriadne vybl\u00e1zni\u0165 sa tu ale dok\u00e1\u017eu aj profesion\u00e1lni jazdci. Koniec koncov ide najm\u00e4 o z\u00e1bavu spojen\u00fa so \u0161portom, ktor\u00fdm dok\u00e1\u017eete rozh\u00fdba\u0165 v\u0161etky svoje kosti a zapracova\u0165 na kond\u00edcii.<\/p>\t\t\t\t\t\t<\/div>\n\t\t\t\t<\/div>\n\t\t\t\t\t<\/div>\n\t\t<\/div>\n\t\t\t\t<div class=\"elementor-column elementor-col-50 elementor-top-column elementor-element elementor-element-jijchle\" data-id=\"jijchle\" data-element_type=\"column\">\n\t\t\t<div class=\"elementor-widget-wrap elementor-element-populated\">\n\t\t\t\t\t\t\t\t<section data-particle_enable=\"false\" data-particle-mobile-disabled=\"false\" class=\"elementor-section elementor-inner-section elementor-element elementor-element-ixhqlyn elementor-section-boxed elementor-section-height-default elementor-section-height-default\" data-id=\"ixhqlyn\" data-element_type=\"section\" data-settings=\"{&quot;background_background&quot;:&quot;classic&quot;}\">\n\t\t\t\t\t\t<div class=\"elementor-container elementor-column-gap-default\">\n\t\t\t\t\t<div class=\"elementor-column elementor-col-100 elementor-inner-column elementor-element elementor-element-zwjeeyq\" data-id=\"zwjeeyq\" data-element_type=\"column\">\n\t\t\t<div class=\"elementor-widget-wrap elementor-element-populated\">\n\t\t\t\t\t\t\t\t<div class=\"elementor-element elementor-element-inbhnsf elementor-widget elementor-widget-heading\" data-id=\"inbhnsf\" data-element_type=\"widget\" data-widget_type=\"heading.default\">\n\t\t\t\t<div class=\"elementor-widget-container\">\n\t\t\t<h4 class=\"elementor-heading-title elementor-size-default\">V are\u00e1li sa m\u00f4\u017ee\u0161 te\u0161i\u0165 na:<\/h4>\t\t<\/div>\n\t\t\t\t<\/div>\n\t\t\t\t<div class=\"elementor-element elementor-element-dczfrrv elementor-widget-divider--view-line elementor-widget elementor-widget-divider\" data-id=\"dczfrrv\" data-element_type=\"widget\" data-widget_type=\"divider.default\">\n\t\t\t\t<div class=\"elementor-widget-container\">\n\t\t\t\t\t<div class=\"elementor-divider\">\n\t\t\t<span class=\"elementor-divider-separator\">\n\t\t\t\t\t\t<\/span>\n\t\t<\/div>\n\t\t\t\t<\/div>\n\t\t\t\t<\/div>\n\t\t\t\t<div class=\"elementor-element elementor-element-gtikafe elementor-widget elementor-widget-text-editor\" data-id=\"gtikafe\" data-element_type=\"widget\" data-widget_type=\"text-editor.default\">\n\t\t\t\t<div class=\"elementor-widget-container\">\n\t\t\t\t\t\t\t<ul><li style=\"text-align: left;\">tra\u0165 dlh\u00fa 113,6 metra s radom skokov<\/li><li style=\"text-align: left;\">v\u00fd\u0161kov\u00e9 rozdiely od 0,00 a\u017e +1,20 metra<\/li><li style=\"text-align: left;\">pravideln\u00e9 podujatia organizovan\u00e9 prev\u00e1dzkovate\u013eom are\u00e1lu EXTREME SPORT FABRIK<\/li><li style=\"text-align: left;\">stretnutie s Filipom Polcom, profi jazdcom, ktor\u00fd are\u00e1l vyu\u017e\u00edva nie len na organiz\u00e1ciu podujat\u00ed, ale tie\u017e na svoje vlastn\u00e9 tr\u00e9ningy<\/li><\/ul>\t\t\t\t\t\t<\/div>\n\t\t\t\t<\/div>\n\t\t\t\t\t<\/div>\n\t\t<\/div>\n\t\t\t\t\t\t\t<\/div>\n\t\t<\/section>\n\t\t\t\t\t<\/div>\n\t\t<\/div>\n\t\t\t\t\t\t\t<\/div>\n\t\t<\/section>\n\t\t\t\t<section data-particle_enable=\"false\" data-particle-mobile-disabled=\"false\" class=\"elementor-section elementor-top-section elementor-element elementor-element-89afe5b elementor-section-boxed elementor-section-height-default elementor-section-height-default\" data-id=\"89afe5b\" data-element_type=\"section\">\n\t\t\t\t\t\t<div class=\"elementor-container elementor-column-gap-default\">\n\t\t\t\t\t<div class=\"elementor-column elementor-col-100 elementor-top-column elementor-element elementor-element-8c42ac7\" data-id=\"8c42ac7\" data-element_type=\"column\">\n\t\t\t<div class=\"elementor-widget-wrap elementor-element-populated\">\n\t\t\t\t\t\t\t\t<div class=\"elementor-element elementor-element-abb1b22 elementor-widget elementor-widget-boosted-elements-googlemaps\" data-id=\"abb1b22\" data-element_type=\"widget\" data-widget_type=\"boosted-elements-googlemaps.default\">\n\t\t\t\t<div class=\"elementor-widget-container\">\n\t\t\t\t\n\t<div class=\"boosted-elements-progression-google-maps-container\">\n\t\t<div id=\"boosted-elements-progression-map-list-abb1b22\" class=\"boosted-elements-map-mobile-menu-height\"><\/div>\n\t<\/div><!-- close .boosted-elements-progression-google-maps-container -->\n\t\n\t<script type=\"text\/javascript\"> \n\tjQuery(document).ready(function($) {\n\t\t'use strict';\n    \t$(\"#boosted-elements-progression-map-list-abb1b22\").goMap({\n\t\t\t        markers: [ { address: 'Pumptrack modra', icon: '', html: {content: \"<div class='google-maps-pin'><h6 class='boosted-elements-progression-map-title'>Pumptrack<\/h6><div class='boosted-elements-progression-map-content'><\/div><\/div>\", popup:true}},\n\t\t\t\t{ address: 'Chata pod hviezdami', icon: '', html: {content: \"<div class='google-maps-pin'><h6 class='boosted-elements-progression-map-title'>Chata pod hviezdami<\/h6><div class='boosted-elements-progression-map-content'><\/div><\/div>\", popup:true}},\n\t\t\t\t\t\t],\n\t\tscrollwheel: false,  disableDoubleClickZoom: false, zoom: 17, maptype: 'HYBRID', streetViewControl:\tfalse, oneInfoWindow: false, mapTypeControl:true\t\n    });\n\t});\n\t<\/script>\n\n\t\t\t<\/div>\n\t\t\t\t<\/div>\n\t\t\t\t\t<\/div>\n\t\t<\/div>\n\t\t\t\t\t\t\t<\/div>\n\t\t<\/section>\n\t\t\t\t\t\t<\/div>\n\t\t\t\t\t<\/div>\n\t\t","protected":false},"excerpt":{"rendered":"<p>Pre koho je dr\u00e1ha ur\u010den\u00e1? Ve\u013ekou v\u00fdhodou tohto \u0161portu je, \u017ee ho m\u00f4\u017ee vysk\u00fa\u0161a\u0165 ka\u017ed\u00fd. Pumptrackov\u00e1 dr\u00e1ha je skvel\u00e1 pre v\u00e4\u010d\u0161inu kolesov\u00fdch \u0161portov \u2013 bicykle, kolobe\u017eky, skejtboardy \u010di kolieskov\u00e9 kor\u010dule. Deti od 2,5 \u2013 3 rokov ju bezprobl\u00e9mov zvl\u00e1dnu na svojich odr\u00e1\u017eadl\u00e1ch. Netreba sa b\u00e1\u0165 ani o ich bezpe\u010dnos\u0165. Dr\u00e1ha je vytvoren\u00e1 na mieru tak, [&hellip;]<\/p>\n","protected":false},"author":1,"featured_media":0,"parent":0,"menu_order":0,"comment_status":"closed","ping_status":"closed","template":"","meta":{"footnotes":""},"class_list":["post-1160","page","type-page","status-publish","hentry"],"yoast_head":"<!-- This site is optimized with the Yoast SEO plugin v18.0 - https:\/\/yoast.com\/wordpress\/plugins\/seo\/ -->\n<title>PumpTrack - Chata pod hviezdami<\/title>\n<meta name=\"robots\" content=\"index, follow, max-snippet:-1, max-image-preview:large, max-video-preview:-1\" \/>\n<link rel=\"canonical\" href=\"https:\/\/www.chatapodhviezdami.sk\/?page_id=1160\" \/>\n<meta property=\"og:locale\" content=\"sk_SK\" \/>\n<meta property=\"og:type\" content=\"article\" \/>\n<meta property=\"og:title\" content=\"PumpTrack - Chata pod hviezdami\" \/>\n<meta property=\"og:description\" content=\"Pre koho je dr\u00e1ha ur\u010den\u00e1? Ve\u013ekou v\u00fdhodou tohto \u0161portu je, \u017ee ho m\u00f4\u017ee vysk\u00fa\u0161a\u0165 ka\u017ed\u00fd. Pumptrackov\u00e1 dr\u00e1ha je skvel\u00e1 pre v\u00e4\u010d\u0161inu kolesov\u00fdch \u0161portov \u2013 bicykle, kolobe\u017eky, skejtboardy \u010di kolieskov\u00e9 kor\u010dule. Deti od 2,5 \u2013 3 rokov ju bezprobl\u00e9mov zvl\u00e1dnu na svojich odr\u00e1\u017eadl\u00e1ch. Netreba sa b\u00e1\u0165 ani o ich bezpe\u010dnos\u0165. Dr\u00e1ha je vytvoren\u00e1 na mieru tak, [&hellip;]\" \/>\n<meta property=\"og:url\" content=\"https:\/\/www.chatapodhviezdami.sk\/?page_id=1160\" \/>\n<meta property=\"og:site_name\" content=\"Chata pod hviezdami\" \/>\n<meta property=\"article:publisher\" content=\"https:\/\/www.facebook.com\/Chata-pod-hviezdami-462975457113784\/\" \/>\n<meta property=\"article:modified_time\" content=\"2022-02-13T19:53:13+00:00\" \/>\n<meta name=\"twitter:card\" content=\"summary_large_image\" \/>\n<meta name=\"twitter:label1\" content=\"Predpokladan\u00fd \u010das \u010d\u00edtania\" \/>\n\t<meta name=\"twitter:data1\" content=\"15 min\u00fat\" \/>\n<script type=\"application\/ld+json\" class=\"yoast-schema-graph\">{\"@context\":\"https:\/\/schema.org\",\"@graph\":[{\"@type\":\"WebSite\",\"@id\":\"https:\/\/www.chatapodhviezdami.sk\/#website\",\"url\":\"https:\/\/www.chatapodhviezdami.sk\/\",\"name\":\"Chata pod hviezdami\",\"description\":\"Web ubytovacieho zariadenia Chata pod hviezdami\",\"potentialAction\":[{\"@type\":\"SearchAction\",\"target\":{\"@type\":\"EntryPoint\",\"urlTemplate\":\"https:\/\/www.chatapodhviezdami.sk\/?s={search_term_string}\"},\"query-input\":\"required name=search_term_string\"}],\"inLanguage\":\"sk-SK\"},{\"@type\":\"WebPage\",\"@id\":\"https:\/\/www.chatapodhviezdami.sk\/?page_id=1160#webpage\",\"url\":\"https:\/\/www.chatapodhviezdami.sk\/?page_id=1160\",\"name\":\"PumpTrack - Chata pod hviezdami\",\"isPartOf\":{\"@id\":\"https:\/\/www.chatapodhviezdami.sk\/#website\"},\"datePublished\":\"2022-02-12T19:09:24+00:00\",\"dateModified\":\"2022-02-13T19:53:13+00:00\",\"breadcrumb\":{\"@id\":\"https:\/\/www.chatapodhviezdami.sk\/?page_id=1160#breadcrumb\"},\"inLanguage\":\"sk-SK\",\"potentialAction\":[{\"@type\":\"ReadAction\",\"target\":[\"https:\/\/www.chatapodhviezdami.sk\/?page_id=1160\"]}]},{\"@type\":\"BreadcrumbList\",\"@id\":\"https:\/\/www.chatapodhviezdami.sk\/?page_id=1160#breadcrumb\",\"itemListElement\":[{\"@type\":\"ListItem\",\"position\":1,\"name\":\"Home\",\"item\":\"https:\/\/www.chatapodhviezdami.sk\/\"},{\"@type\":\"ListItem\",\"position\":2,\"name\":\"PumpTrack\"}]}]}<\/script>\n<!-- \/ Yoast SEO plugin. -->","yoast_head_json":{"title":"PumpTrack - Chata pod hviezdami","robots":{"index":"index","follow":"follow","max-snippet":"max-snippet:-1","max-image-preview":"max-image-preview:large","max-video-preview":"max-video-preview:-1"},"canonical":"https:\/\/www.chatapodhviezdami.sk\/?page_id=1160","og_locale":"sk_SK","og_type":"article","og_title":"PumpTrack - Chata pod hviezdami","og_description":"Pre koho je dr\u00e1ha ur\u010den\u00e1? Ve\u013ekou v\u00fdhodou tohto \u0161portu je, \u017ee ho m\u00f4\u017ee vysk\u00fa\u0161a\u0165 ka\u017ed\u00fd. Pumptrackov\u00e1 dr\u00e1ha je skvel\u00e1 pre v\u00e4\u010d\u0161inu kolesov\u00fdch \u0161portov \u2013 bicykle, kolobe\u017eky, skejtboardy \u010di kolieskov\u00e9 kor\u010dule. Deti od 2,5 \u2013 3 rokov ju bezprobl\u00e9mov zvl\u00e1dnu na svojich odr\u00e1\u017eadl\u00e1ch. Netreba sa b\u00e1\u0165 ani o ich bezpe\u010dnos\u0165. Dr\u00e1ha je vytvoren\u00e1 na mieru tak, [&hellip;]","og_url":"https:\/\/www.chatapodhviezdami.sk\/?page_id=1160","og_site_name":"Chata pod hviezdami","article_publisher":"https:\/\/www.facebook.com\/Chata-pod-hviezdami-462975457113784\/","article_modified_time":"2022-02-13T19:53:13+00:00","twitter_card":"summary_large_image","twitter_misc":{"Predpokladan\u00fd \u010das \u010d\u00edtania":"15 min\u00fat"},"schema":{"@context":"https:\/\/schema.org","@graph":[{"@type":"WebSite","@id":"https:\/\/www.chatapodhviezdami.sk\/#website","url":"https:\/\/www.chatapodhviezdami.sk\/","name":"Chata pod hviezdami","description":"Web ubytovacieho zariadenia Chata pod hviezdami","potentialAction":[{"@type":"SearchAction","target":{"@type":"EntryPoint","urlTemplate":"https:\/\/www.chatapodhviezdami.sk\/?s={search_term_string}"},"query-input":"required name=search_term_string"}],"inLanguage":"sk-SK"},{"@type":"WebPage","@id":"https:\/\/www.chatapodhviezdami.sk\/?page_id=1160#webpage","url":"https:\/\/www.chatapodhviezdami.sk\/?page_id=1160","name":"PumpTrack - Chata pod hviezdami","isPartOf":{"@id":"https:\/\/www.chatapodhviezdami.sk\/#website"},"datePublished":"2022-02-12T19:09:24+00:00","dateModified":"2022-02-13T19:53:13+00:00","breadcrumb":{"@id":"https:\/\/www.chatapodhviezdami.sk\/?page_id=1160#breadcrumb"},"inLanguage":"sk-SK","potentialAction":[{"@type":"ReadAction","target":["https:\/\/www.chatapodhviezdami.sk\/?page_id=1160"]}]},{"@type":"BreadcrumbList","@id":"https:\/\/www.chatapodhviezdami.sk\/?page_id=1160#breadcrumb","itemListElement":[{"@type":"ListItem","position":1,"name":"Home","item":"https:\/\/www.chatapodhviezdami.sk\/"},{"@type":"ListItem","position":2,"name":"PumpTrack"}]}]}},"_links":{"self":[{"href":"https:\/\/www.chatapodhviezdami.sk\/index.php?rest_route=\/wp\/v2\/pages\/1160","targetHints":{"allow":["GET"]}}],"collection":[{"href":"https:\/\/www.chatapodhviezdami.sk\/index.php?rest_route=\/wp\/v2\/pages"}],"about":[{"href":"https:\/\/www.chatapodhviezdami.sk\/index.php?rest_route=\/wp\/v2\/types\/page"}],"author":[{"embeddable":true,"href":"https:\/\/www.chatapodhviezdami.sk\/index.php?rest_route=\/wp\/v2\/users\/1"}],"replies":[{"embeddable":true,"href":"https:\/\/www.chatapodhviezdami.sk\/index.php?rest_route=%2Fwp%2Fv2%2Fcomments&post=1160"}],"version-history":[{"count":6,"href":"https:\/\/www.chatapodhviezdami.sk\/index.php?rest_route=\/wp\/v2\/pages\/1160\/revisions"}],"predecessor-version":[{"id":1289,"href":"https:\/\/www.chatapodhviezdami.sk\/index.php?rest_route=\/wp\/v2\/pages\/1160\/revisions\/1289"}],"wp:attachment":[{"href":"https:\/\/www.chatapodhviezdami.sk\/index.php?rest_route=%2Fwp%2Fv2%2Fmedia&parent=1160"}],"curies":[{"name":"wp","href":"https:\/\/api.w.org\/{rel}","templated":true}]}}